3
Calculate -1 - -4 - (3 + -6).
6
Calculate 7 + (1 - 9 - 3).
-4
What is -6 - (-23 - (-5 + -2))?
10
(-1 - 2) + -7 + 7
-3
-3 - (-4 - (-4 - (-3 + 3)))
-3
What is (1 - 2) + (-88 - -85)?
-4
What is the value of 33 - 26 - (2 - -7)?
-2
5 - 3 - (-8 + (1 - -2))
7
What is -1 - -3 - (3 + 2)?
-3
What is 4 + -7 + -8 + 3 + 3?
-5
-4 + 0 + 3 - (11 - 14)
2
What is the value of 1 + -2 + -12 + 8?
-5
Evaluate -2 + (19 - (12 - 2)).
7
-1 + (0 + 3 - (0 - -4))
-2
What is -1 + 1 - (21 + -21)?
0
What is 8 + (-21 - -10 - 1)?
-4
((-12 - -7) + 8 - -1) + 0
4
Evaluate (-9 - -33 - 10) + -8.
6
What is the value of -4 - (3 + -6) - 1?
-2
What is 2 - (-8 + 1 + (-43 - -49))?
3
What is (-35 - -9) + 8 + 9?
-9
(-10 - (3 + (-5 - 1))) + 4
-3
What is the value of 1 + -2 - (-4 + 0)?
3
Evaluate 6 - -1 - (13 - 13) - 4.
3
Calculate -6 + 7 + -6 + -1.
-6
What is -3 + 5 + (-4 - 0) + 2?
0
Evaluate -1 + (-4 - -3 - -5 - 6).
-3
What is -7 + (-3 + 1 + -3 - -8)?
-4
Evaluate (2 - 4 - (0 + 2)) + -2.
-6
Evaluate 7 + -18 + 8 + 6.
3
What is 6 + -2 + (-1 - 2)?
1
What is 13 - 5 - (5 - 0)?
3
Evaluate 1 - (14 - (-5 - -7 - -2)).
-9
What is the value of 5 + -12 - (-6 + 1)?
-2
What is 3 + -2 - 3 - 2?
-4
What is 3 + 4 + -5 + -5?
-3
What is the value of -19 + 18 + (2 + 0 - 1)?
0
Evaluate 0 - 11 - (-1 + 8 + -11).
-7
Evaluate -6 + (2 - (-5 - -4)).
-3
Calculate (-1 - -3) + (1 - 2).
1
What is 1 + (8 - 4 - 4)?
1
-25 + 23 - (0 - 0 - -2)
-4
Evaluate -1 + 9 - (5 + 0) - -2.
5
Evaluate (0 - 2) + (6 - -13) + -13.
4
(10 + 1 + -3 - 7) + -2
-1
What is (151 - 158) + (-3 - -1)?
-9
0 - -3 - (-1 + 10 + -2)
-4
Evaluate 4 + -10 + (5 - -1).
0
Evaluate (18 - 7 - 11) + -7.
-7
Evaluate 6 - (5 + -2 + -2).
5
Evaluate -2 + -2 + (-2 - -12) + -2.
4
Evaluate -2 - (0 - -1 - -2).
-5
Evaluate -4 + (-3 - 0) + 7.
0
What is (1 - (4 - 3)) + -6 + 4?
-2
(-11 - (-6 + -2)) + (-6 - -3)
-6
What is 3 + 2 + 0 + (-9 - 2)?
-6
Calculate 0 - 0 - (8 - 4 - 0).
-4
What is (-8 - -2) + 9 + -6 + 0?
-3
Evaluate (3 - 6 - (-1 + -8)) + -2.
4
Calculate (2 - 11) + 4 - -4.
-1
Evaluate 0 - 0 - (25 + -24).
-1
What is the value of (9 - (4 - -2)) + 0 - 2?
1
What is (0 - (-1 + 0)) + 4 + -7?
-2
What is -1 - (-5 - -13) - (6 + -9)?
-6
What is -7 - (-1 + 4 + -6)?
-4
What is -5 - ((-3 - -7) + -4)?
-5
(8 - 4) + -8 - -4
0
(4 - (-1 - 0)) + -3 + -5
-3
What is (-1 - (6 - 3)) + 9?
5
5 - (-5 + 4) - 4
2
Evaluate 5 + -1 + -8 - -6.
2
What is the value of 0 + -20 + 11 + 7?
-2
7 + -9 + 6 - 8
-4
-223 + 239 - (7 + -1)
10
(-3 - -12 - 5) + 0 + 2
6
Calculate (5 - 0) + -3 - 3.
-1
What is the value of -4 - (-4 + -4 - -1)?
3
What is the value of -6 + 10 + -8 + 6?
2
What is (3 - 3) + (-1 - (0 - 3))?
2
What is the value of -2 + 12 - (14 + 7)?
-11
What is the value of (0 - 2) + (4 - -2) - 3?
1
-3 + (1 - (4 + -1)) + 4
-1
-15 - -8 - -8 - -2
3
8 - (3 + -7 + (-4 - -8))
8
Evaluate (-3 - (2 + -2)) + -17 + 16.
-4
What is the value of -4 - (-4 - ((-8 - -5) + 4))?
1
What is -21 + 37 + -1 + 2 - 8?
9
Evaluate (8 - 1 - (32 - 28)) + -11.
-8
Evaluate (2 - (2 + 2)) + 45 + -47.
-4
Evaluate 3 + -2 - (-81 + 75).
7
What is the value of 9 + -8 + 3 + -1?
3
Calculate -1 + 0 + -4 + 1.
-4
What is the value of (0 - 1 - -1) + 16 + -18?
-2
What is the value of -5 + (9 + -1 - (57 - 62))?
8
What is the value of 7 + (-5 - (-1 - (-1 + 4)))?
6
What is (-2 - 1) + (-11 - (-13 - -5))?
-6
2 + -3 - (-5 + (2 - 3))
5
Evaluate 2 - -5 - (-1 - -13).
-5
What is 5 - 6 - (-2 - 2)?
3
What is 2 - (-20 - -20 - (3 - 3))?
2
What is the value of -1 + 1 - (18 - 13)?
-5
Calculate 13 - (2 + -11 + 18).
4
(63 - 73) + 0 + 17
7
Evaluate -9 + 10 + 6 - (-1 - -6).
2
What is 3 + 1 + -2 - 4?
-2
Calculate 0 + 3 + (-13 - (-13 + 6)).
-3
What is 0 + (3 + -5 - 0)?
-2
What is -7 - (-6 + 6 + -12)?
5
What is the value of -1 + -4 + -27 + 28?
-4
Calculate (0 - (-2 - -3)) + (13 - 12).
0
Evaluate 1 + 3 + 0 + -1.
3
What is 2 + -3 + (3 - (-3 + 1))?
4
(-1 - (-10 + 5 - -3)) + 1
2
What is the value of -4 - (-2 - -1) - (-8 - -8)?
-3
Calculate 12 + (-8 - (8 - 9)) - 4.
1
Calculate 0 + 2 + -3 + (215 - 208).
6
Evaluate 2 + 3 - (2 + 0 + 1).
2
Evaluate 1 + (0 + 8 - 7).
2
Evaluate -6 + 5 + (-1 - -9).
7
What is the value of (15 - (6 - -8)) + -4 + -1?
-4
Calculate 0 - (1 - (4 - 4)).
-1
Calculate -6 - (-7 + (1 - -5)).
-5
What is the value of 7 + -1 - (-35 + 49)?
-8
What is 2 + -6 - ((-4 - -2) + 3)?
-5
What is -5 - -2 - (-3 + 2 + 0)?
-2
What is -14 - (-25 - -8 - 3)?
6
What is 2 - (7 + (3 - 2) + -6)?
0
What is -3 - (6 - 6 - 5)?
2
What is the value of 3 - (-9 - (-5 - 3))?
4
Evaluate (0 - (0 + -1)) + (1 - -3).
5
What is -10 + -4 + 10 + -4 + 0?
-8
Evaluate (14 - -2 - (18 - 12)) + -5.
5
-2 + 10 + (1 - 5) - 0
4
Calculate -7 - (-4 - -2 - (0 + 2)).
-3
-3 + (0 - (-8 + 4)) - 2
-1
5 + (5 - (14 - -3)) + 2
-5
What is the value of 5 + -10 + (-7 - -4) + 7?
-1
Calculate 2 + (2 - 3) - -5 - 10.
-4
5 + -11 + -2 + 0 - 0
-8
Evaluate 3 - (-2 - (-10 - 0)).
-5
2 - ((9 - -4) + -6)
-5
Evaluate 9 - (-9 + 9) - 13.
-4
What is -8 - (12 + -6 + -18)?
4
What is 4 - ((-2 - 3) + -1 + 3)?
7
Evaluate 0 + 1 - 3 - -6.
4
Calculate -6 + 4 + (0 - (-2 - -2)).
-2
-5 - (-13 - (-2 + -4))
2
Calculate 3 - (-12 + 14 + (0 - 0)).
1
(9 - 11) + (2 - 3) + 6
3
What is 12 + -2 + 55 + -61?
4
What is the value of (-1 - 2) + 17 + -22?
-8
What is the value of 0 + 9 + (-20 - -1)?
-10
Evaluate -7 - (0 + (-2 - -3)) - -3.
-5
Evaluate -1 + (-9 + 4 - -2 - -5).
1
What is the value of 9 + 3 + -2 + -7?
3
Calculate 26 + -22 - (-2 + 4 + 1).
1
0 + (-5 - (-9 + 1 + 7))
-4
What is 11 + -9 + (-5 - (0 + -1))?
-2
Evaluate -2 + -2 + 1 + 1 - 3.
-5
Calculate -4 + 4 - (1 - (0 + -2)).
-3
Evaluate (-4 - -5) + (2 - -2).
5
Calculate -3 + (1 - (5 + -9)).
2
Evaluate 2 - (9 + (-9 - -7)).
-5
What is 2 + -6 + -4 + 14?
6
What is the value of -12 - -2 - -1 - (5 + -10)?
-4
(-8 - 0 - -5) + -3 + 7
1
Evaluate (0 + -3 - 2) + 3 + -1.
-3
(-14 - -10) + 7 + -5
-2
Evaluate 0 + -2 + 1 - -3.
2
Calculate -4 - (1 + 2 + -5).
-2
Evaluate (-7 + 2 - 3) + 9.
1
What is (0 - (-14 + 2)) + -11?
1
-7 - (-6 + -2 + 3)
-2
What is the value of 13 + -10 + (-1 - 3)?
-1
(-8 - (6 + -15)) + -2
-1
What is (-2 - 7) + 1 - -7 - 8?
-9
Calculate 2 - (2 - -1 - (-3 - -3)).
-1
What is the value of 5 - (-2 - (-6 - -5)) - 6?
0
5 + (-6 - 1 - 0)
-2
-4 - (2 + -5 + (-1 - -2))
-2
What is the value of -2 + (-4 - -5) - -5?
4
-7 + 3 + -1 + -4
-9
5 - (-1 + -7 + 4) - 4
5
Calculate 4 + 0 + (-1 - -1).
4
Calculate 1 + (6 - 9 - 3) - -6.
1
Calculate 1 + 0 + -3 + -3.
-5
What is -3 - (0 - 10) - (0 - -4)?
3
What is the value of (-13 - (9 + -13)) + -1 + 6?
-4
Calculate -3 + (-39 + 48 - (0 - -1)).
5
What is the value of -2 - (0 - (6 - 3))?
1
Evaluate 2 + 1 + (-12 - -8).
-1
What is the value of -7 + 2 + 2 + 4 + -3?
-2
What is the value of -2 - (2 + -4 - -3)?
-3
Calculate -22 - -8 - -9 - (-1 - -2).
-6
What is -8 + ((-1 - -1) + -1 - -16)?
7
What is -1 + (2 - 1) - -2?
2
What is -9 - (-15 + 14) - -1?
-7
Calculate -2 + -1 + -1 + -6 + 8.
-2
Evaluate 9 - (2 + 6 + 1).
0
Calculate (0 - 4 - -4) + 2.
2
Calculate -6 + 0 - -10 - 5.
-1
Evaluate 0 + (1 - -3) - (-122 + 125).
1
Evaluate -2 + (-12 - -23 - (-2 - -6)).
5
Evaluate (6 - 6) + -4 + 5.
1
What is -2 - (1 - -4 - 10)?
3
1 - (3 - (5 - 7))
-4
What is the value of 6 - (15 + -10 + 2)?
-1
Calculate -5 - (6 + -2 - 5).
-4
What is the value of 13 + -4 - (6 + 9)?
-6
Evaluate 14 + 0 + 83 + -91.
6
What is -2 + 2 + 0 - (-24 - -21)?
3
What is the value of -2 + -1 + -3 - (-6 - -1)?
-1
Calculate 3 - (-10 + -2 + 11).
4
Calculate (8 + -6 - 7) + -4.
-9
Calculate 9 + (0 + -7 - 1).
1
Calculate 2 + (0 + 5 - 3).
4
What is 5 + -2 - (1 - 2)?
4
What is the value of 1 + 5 + (6 - 8)?
4
2 + 5 + (-4 - (15 + -3))
-9
Evaluate -5 - (-2 + 1 + -5 - -6).
-5
What is -1 - 2 - (5 + (0 - 3))?
-5
-24 + (19 - 7) + 2
-10
What is the value of -2 + (5 + -3 - 0) + -2?
-2
What is the value of 59 + -57 - (4 + -1 + 1)?
-2
What is the value of (7 - 6 - (3 - 1)) + -1?
-2
Calculate 5 + -4 + -1 - 1 - 3.
-4
-8 + 1 + -4 + 6
-5
What is the value of 9 + -2 - ((-2 - -4) + 2)?
3
5 + 0 + 3 + -6
2
Evaluate -1 - (2 - 4 - (1 + -2)).
0
Evaluate (8 - (7 + 0)) + (-1 - 1).
-1
What is the value of 1 + (1 - (-1 - -3)) - -3?
3
What is the value of -2 - (-3 + -2) - -1 - 0?
4
Evaluate 1 - (5 - -3 - 4).
-3
3 + (-3 + 2 - -1)
3
Evaluate 3 + 1 - (-1 - -8 - 5).
2
What is 143 + -143 - (3 + 0)?
-3
Evaluate 77 - 76 - (6 - 1).
-4
Evaluate 3 + -3 + 2 + 4 + -3.
3
Calculate -4 - (0 - 5 -